4
2
(-2 - 1) + (7 - 1) + 4
7
Evaluate -4 + (-1 - -5) - (-10 + 5 - 0).
5
11 + (-7 - -11) - 28
-13
Evaluate 13 + (-20 - (-35 + 22)).
6
What is -3 + -41 + (4 - (-18 - -10))?
-32
(10 - 0 - (138 - 126)) + 0 + 2
0
Calculate -1 + -15 + 11 + 12.
7
-61 - -57 - (-3 - (3 - -1))
3
What is 24 + -68 - (-24 - 14)?
-6
-6 + (6 - (4 + -9)) - -5
10
(17 - 0 - 13) + (0 - 4 - -16)
16
What is the value of -8 + 6 + -12 + -13 + 2 + 3?
-22
Calculate 55 + -52 + -17 + 1.
-13
Evaluate 2 + -14 - -2 - 1.
-11
Calculate 12 + (-28 + 24 + 0 + 3 - 5).
6
What is (27 - 12 - -7) + -4?
18
Evaluate (61 - 53) + (-1 - -2) + -9 - 8.
-8
What is (-6 - (3 + -15)) + -6 - -6 - 9?
-3
-19 - (7 + -25) - 14
-15
Calculate -20 + (-10 + 22 - 0) + -16.
-24
Calculate (21 - 1) + (-1394 - -1384).
10
What is -6 - (2 - 20 - -11)?
1
What is 34 + (-14 - 9) + (2 - 4) + -2?
7
Evaluate (46 - 53) + (10 - (-5 + 11)).
-3
Calculate -12 + (7 + 3 - 5 - (7 - 7)).
-7
What is 3 - (-18 + 7 + 3)?
11
What is (-4 + (-12 - -11) - -6) + 1 + -1?
1
What is 7 - (-3 + 5 + (7 - 7))?
5
Evaluate -6 + (-2 - (0 - (9 - (1 - -4)))).
-4
0 - 17 - (305 - 306)
-16
-8 + (0 + -2 + -4 - -9) + -3
-8
Evaluate (-1 - 0) + (17 - 21 - 7).
-12
What is -61 + 62 + -25 + (-2 - 2) + 6?
-22
Evaluate (31 - 7) + (-17 - -9).
16
What is -30 - -37 - (-2 + 2 - 3)?
10
Calculate 17 - (-33 - (-30 + -2)).
18
Calculate 14 - (29 + -8 + -6).
-1
1 + -11 - (-32 + (6 - 8))
24
Calculate 4 + (-7 - (-6 + -8)) - 26 - 3.
-18
What is (-2 - -1) + -12 + 14 + -11?
-10
Calculate (112 - 86) + (-34 - 6).
-14
Calculate 16 + 18 - 31 - (4 - 5 - -31).
-27
What is the value of 22 + -25 + (-23 - -11)?
-15
What is 9 + (-9 + 16 - 6 - 9)?
1
What is the value of 5 - (0 + 17 + -9 - -3)?
-6
What is 2 - (-3 + 5) - (7 + (0 - -2))?
-9
Evaluate 7 + (8 - (15 - -1)).
-1
What is the value of 13 + -31 + (1 - 3 - -6)?
-14
What is the value of 11 - (-4 - (-2 - -10 - 37))?
-14
What is 43 + -39 - (-3 + 0)?
7
-9 + 0 - (3 + -5) - (150 + -143)
-14
What is -27 + (-17 - -7 - -27) + 13 + 0?
3
Calculate -10 + -10 + 18 + -5 + (3 - 3).
-7
What is the value of (-16 + (3 - 7) - -15) + -13?
-18
What is -7 - (5 + -39 + 16 - 5)?
16
Calculate 8 - 7 - -5 - 3 - 7.
-4
Calculate -4 - -15 - (90 + -83) - -13.
17
Evaluate -27 - (21 + -12 - 26).
-10
What is (7 - (25 + -43)) + 0?
25
Evaluate 18 + (-7 - 2) - (4 - -16).
-11
Evaluate (-2 - 1) + (-18 - (-12 + 2)).
-11
What is the value of 7 + -9 + -15 + (-3 - -11) + 27?
18
Calculate -6 + -11 + (15 - 12) + (-2 - -4).
-12
(-7 - -19) + -9 - -9
12
(-1 - 1) + 17 + 43 + -85
-27
What is the value of (-8 - (3 - (10 + 14))) + -28?
-15
-2 + -9 - (3 - 21 - -3)
4
Evaluate (-9 - -2) + -5 - -22 - (1 + 6).
3
What is the value of -12 + (-4 - -12) - (26 + -12)?
-18
Calculate 19 + -11 + -19 - (8 + -1).
-18
What is (23 - 12) + -11 - (-7 - (-3 + 1))?
5
Evaluate (24 - 16) + -11 + -2.
-5
74 + -73 - (-7 - (2 + -3))
7
(9 + -6 - -9) + -9
3
Evaluate 1 - (2 + 5 + -9 + 10) - -23.
16
(5 - 18 - -5) + 33
25
What is -10 + (-4 - -3) + 41 + -14?
16
Calculate (3 + 11 - 31 - -10) + 4.
-3
What is the value of -26 - 0 - (-125 + 108)?
-9
Evaluate (3 - -17) + 18 + -10 + -48.
-20
What is the value of -6 - (19 + (-9 - 29))?
13
What is 163 + -145 - (5 - 0)?
13
Evaluate -23 + 9 - (14 + -39).
11
What is the value of (-3 - -10 - -2 - -6) + -6?
9
8 - 2 - 1 - -1 - (-6 - -10)
2
What is (-9 - 6) + -1 + 1?
-15
5 + 24 + (-30 - -8)
7
What is (-1 - 8 - (-5 + -1)) + -2 + 1?
-4
What is the value of -15 - ((19 - 17) + 3 + (0 - 1))?
-19
9 - (-8 + 2 + (-11 + 6 - -11))
9
-4 + 23 - (-66 - -99)
-14
What is ((6 - 13) + 10 + 19 - -3) + 7?
32
-13 - (23 - (-20 - -26))
-30
What is the value of -35 - -1 - (-114 + 95)?
-15
Calculate -14 + 5 + 1 + 38.
30
What is the value of 18 + 27 + 19 + -42?
22
What is the value of (-12 - -28 - 37) + 29?
8
Calculate -16 - (4 + -10 + 0) - -11.
1
-2 + (40 - (-8 - (-18 - -7))) + -9
26
Calculate 3 + -2 + -18 + (-7 - -14).
-10
Evaluate -1 + -64 - (252 + -288).
-29
What is the value of -18 + (-3 - (-80 - -26))?
33
Calculate 2 - 0 - (-32 + (-1 - -15)).
20
26 + -11 + 2 + -51 + 39
5
Evaluate -40 - (-21 - -3 - (-9 + 6)).
-25
What is 9 - ((-13 - -11) + 8 + 2)?
1
(-1 - -1) + (2 - -1) + -5 - 17
-19
What is 1 + 10 + 3 - (-19 + 59)?
-26
-69 + 42 + 37 - (5 + 0)
5
-42 - (-29 + 26 + -3 + -9)
-27
What is -2 - (-2 - -24 - 19)?
-5
What is (-3 + -1 + 0 - 4 - -1) + 6?
-1
What is -18 + -18 + 16 - -8?
-12
Evaluate -6 + 1 + 2 + (2 - 3 - -11).
7
-6 + (10 - (-5 + 14)) + -3 - -3
-5
What is the value of 22 + -27 + -1 + 15 + 2?
11
Evaluate (14 - (16 - 12)) + 2 + 6.
18
What is the value of -1 + -1 + 0 - 11 - (-3184 + 3177)?
-6
Calculate -30 - (-10 - (9 - 3)).
-14
107 + -117 - (-16 - 13)
19
Calculate (-3 - (6 - 10)) + (12 - 1) + -2.
10
Calculate (-20 - (-8 - 0)) + 6 + -8 + 3.
-11
What is the value of 52 + (-22 - 6) + -15?
9
What is the value of 62 - 75 - (5 + -34 + -4)?
20
What is -8 + (18 - (-15 - -9))?
16
What is the value of -20 - (-1 + 29 + -61)?
13
2 - (-19 + 57 + -33)
-3
What is -6 - (11 - (4 + -1))?
-14
What is -22 + (1 - 1) + 29 + -31?
-24
Calculate (47 - 17) + -26 + -23.
-19
19 - 2 - (-15 + 72 + -70)
30
Calculate 0 + ((31 - 22) + -10 - (16 - -1)).
-18
Evaluate 5 + (-12 - (16 + -34)).
11
What is the value of 2 - -2 - (4 - 11)?
11
Calculate -7 + (-5 - 0 - -6).
-6
Evaluate (-1 - 8) + -12 + 49 + -31.
-3
Evaluate -2 - (-16 + 6) - 19 - 4.
-15
-2 + 11 - (13 + (1 - 30) - -9)
16
What is 4 + -5 + -1 + 6 + 1 + -1?
4
Calculate 44 - 52 - (8 - 21).
5
Calculate -5 + (-4 - (-9 - -10 - -4)).
-14
Calculate (-526 - -501) + (-2 - -42).
15
Calculate -12 + 8 + -3 - (-1 + 2) - 0.
-8
Calculate 31 - ((1 - -2) + (14 - 43 - -31)).
26
Calculate -7 - (-5 + (-14 + (5 - -3) - -2)).
2
What is the value of 34 + -1 + 391 + -413?
11
Evaluate -3 + -1 - (-27 - -25).
-2
Evaluate (11 + 3 + -6 - -2) + (1 - 1).
10
Evaluate 8 + -2 + (-9 - -13) + -1 + -11.
-2
What is -7 + -5 + 5 + (-1 - (3 - 5))?
-6
What is the value of 10 - (16 + -3 + -9)?
6
What is 6 + (6 + -21 + -3 + -2 - -4)?
-10
Calculate -1 - -7 - ((16 - -8) + -12 - 43).
37
Calculate -13 + -21 - (0 - (-2 + 12)).
-24
-1 - -2 - (-5 + (-7 + 6 - -3))
4
What is the value of 4 + -21 + -2 + -2 + 9 + -4?
-16
-14 - (-13 + (10 - 14))
3
Evaluate (14 - (-12 + -4 - 1)) + -9.
22
Evaluate 4 + -22 + (-3 + -1 - 7) + 8.
-21
What is 35 + -5 + (-6 - 7)?
17
Evaluate 7 + -2 + (-4 + (-2 - 1) - -15).
13
Calculate 5 - (5 + (9 - (1 + -7 - -22))).
7
What is -5 + (-4 - -10) + -10?
-9
What is the value of -5 + (0 - -7) - (-13 - -4)?
11
Evaluate (-17 - (19 + -38)) + -1 + -5.
-4
Calculate (-22 - -11) + -16 + (-4 - -4) + -3.
-30
-12 + (25 - 11) + (2 - 3 - 3)
-2
Calculate 5 + 3 - (-19 - -7 - 3).
23
-7 - -7 - ((-5 - -10) + -14)
9
What is (1 - -4) + -6 + -8 + (-7 - -11)?
-5
Evaluate (-15 - -5) + 8 + (-4 - -4) + 3.
1
Evaluate -5 - -6 - (6 + 0 - 2).
-3
What is 2 + (-5 - -7 - -1 - (1 + 2))?
2
Calculate (-2 + -3 - -13 - 11) + (1 - 8).
-10
Calculate -8 + -11 + 24 - (-3 - (-21 + -1)).
-14
-664 + 670 - (0 + -1 + -1 + 0)
8
Evaluate 2 + -1 + 1 + 6 + (-10 - -7).
5
Calculate -5 - -5 - ((16 - 2) + 15 + -14).
-15
Evaluate 6 - -1 - (10 - -1 - (-314 + 319)).
1
Evaluate (-6 - (1 + 1)) + (-138 - -127).
-19
What is the value of -7 + (3 + (-4 - -10) + -7 - 3)?
-8
Evaluate 5 + -10 - (-5 + 2).
-2
-10 - (-10 + -4 + 27)
-23
Calculate -4 - (2 + -17 + 3) - 12.
-4
What is the value of -88 - -91 - (-1 - 7)?
11
What is the value of -1 - (8 - -4 - (1 - -5)) - -20?
13
Calculate (5 - (23 - 5) - -15) + (2 - -4).
8
Evaluate (-4 - (-2 + -8 + 6) - -7) + -12.
-5
What is the value of 10 + 10 + -3 + 2 + -9?
10
5 + (-29 - -34 - (4 - -1))
5
Calculate (-9 - (-27 + 20)) + 1.
-1
What is (3 - -2 - (-21 - -1)) + -1 + -4?
20
What is 0 + -3 - (23 + (-22 - 25) + 17)?
4
What is the value of 0 + -11 + 88 + -89 + 20?
8
What is 10 - (4 + -6 + 2) - 1 - 5?
4
What is -364 + 372 - (0 + 1 + -1)?
8
Evaluate 0 - 1 - -1 - (-34 + 44).
-10
-3 + (-22 - (-12 + 5)) + 13
-5
Calculate (5 - (18 - 27)) + -2.
12
9 + 6 + -12 + (6 - 0)
9
What is the value of -21 + 1 + 201 + -186?
-5
-38 - -54 - (10 + -11)
17
14 - (13 + (11 - 10) - -8)
-8
What is -2 + (4 - 8) + -1 + (159 - 134)?
18
Evaluate (11912 - 11933) + (0 - 1 - -4).
-18
What is the value of -2 - (-3 - 3) - (29 + (11 - 47))?
11
What is 332 + -330 + (0 - -9) - -8?
19
Evaluate 3 + -1 + (-13 - (-3 - 0) - 2).
-10
What is the value of 24 + (-30 - (-64 - -35))?
23
What is 3 +